{"id":388,"date":"2019-12-02T17:08:13","date_gmt":"2019-12-02T16:08:13","guid":{"rendered":"http:\/\/escaim.com\/?page_id=388"},"modified":"2019-12-02T17:08:14","modified_gmt":"2019-12-02T16:08:14","slug":"simplicite","status":"publish","type":"page","link":"https:\/\/escaim.com\/index.php\/valeurs-et-principes-daction\/simplicite\/","title":{"rendered":"Simplicit\u00e9"},"content":{"rendered":"\n<figure class=\"wp-block-image size-large\"><img loading=\"lazy\" width=\"800\" height=\"800\" src=\"http:\/\/escaim.com\/wp-content\/uploads\/2019\/12\/Simple-et-efficace.jpg\" alt=\"\" class=\"wp-image-362\" srcset=\"https:\/\/escaim.com\/wp-content\/uploads\/2019\/12\/Simple-et-efficace.jpg 800w, https:\/\/escaim.com\/wp-content\/uploads\/2019\/12\/Simple-et-efficace-300x300.jpg 300w, https:\/\/escaim.com\/wp-content\/uploads\/2019\/12\/Simple-et-efficace-150x150.jpg 150w, https:\/\/escaim.com\/wp-content\/uploads\/2019\/12\/Simple-et-efficace-768x768.jpg 768w\" sizes=\"(max-width: 800px) 100vw, 800px\" \/><\/figure>\n\n\n\n<p>La valeur ajout\u00e9e du conseil ne repose pas toujours sur une expertise non pr\u00e9sente au sein d&rsquo;une organisation. Certes, cela est important.<\/p>\n\n\n\n<p>Souvent, la vraie valeur ajout\u00e9e provient de la mise en oeuvre ordonn\u00e9e des ressources et savoirs-faire d\u00e9j\u00e0 pr\u00e9sents dans l&rsquo;entreprise.<\/p>\n\n\n\n<p>Escaim Consulting n&rsquo;impose pas ses recommandations, mais les construit de mani\u00e8re partag\u00e9e avec ses clients et sait aller \u00e0 la simplicit\u00e9 pour gagner en efficacit\u00e9.<\/p>\n","protected":false},"excerpt":{"rendered":"<p>La valeur ajout\u00e9e du conseil ne repose pas toujours sur une expertise non pr\u00e9sente au sein d&rsquo;une organisation. Certes, cela est important. Souvent, la vraie valeur ajout\u00e9e provient de la mise en oeuvre ordonn\u00e9e des ressources et savoirs-faire d\u00e9j\u00e0 pr\u00e9sents dans l&rsquo;entreprise. Escaim Consulting n&rsquo;impose pas ses recommandations, mais les construit de mani\u00e8re partag\u00e9e avec [&hellip;]<\/p>\n","protected":false},"author":1,"featured_media":0,"parent":2,"menu_order":0,"comment_status":"closed","ping_status":"closed","template":"","meta":[],"_links":{"self":[{"href":"https:\/\/escaim.com\/index.php\/wp-json\/wp\/v2\/pages\/388"}],"collection":[{"href":"https:\/\/escaim.com\/index.php\/wp-json\/wp\/v2\/pages"}],"about":[{"href":"https:\/\/escaim.com\/index.php\/wp-json\/wp\/v2\/types\/page"}],"author":[{"embeddable":true,"href":"https:\/\/escaim.com\/index.php\/wp-json\/wp\/v2\/users\/1"}],"replies":[{"embeddable":true,"href":"https:\/\/escaim.com\/index.php\/wp-json\/wp\/v2\/comments?post=388"}],"version-history":[{"count":1,"href":"https:\/\/escaim.com\/index.php\/wp-json\/wp\/v2\/pages\/388\/revisions"}],"predecessor-version":[{"id":389,"href":"https:\/\/escaim.com\/index.php\/wp-json\/wp\/v2\/pages\/388\/revisions\/389"}],"up":[{"embeddable":true,"href":"https:\/\/escaim.com\/index.php\/wp-json\/wp\/v2\/pages\/2"}],"wp:attachment":[{"href":"https:\/\/escaim.com\/index.php\/wp-json\/wp\/v2\/media?parent=388"}],"curies":[{"name":"wp","href":"https:\/\/api.w.org\/{rel}","templated":true}]}}