{"id":374,"date":"2019-12-02T16:36:31","date_gmt":"2019-12-02T15:36:31","guid":{"rendered":"http:\/\/escaim.com\/?page_id=374"},"modified":"2019-12-02T16:43:17","modified_gmt":"2019-12-02T15:43:17","slug":"esprit-dequipe","status":"publish","type":"page","link":"https:\/\/escaim.com\/index.php\/valeurs-et-principes-daction\/esprit-dequipe\/","title":{"rendered":"Esprit d&rsquo;\u00e9quipe"},"content":{"rendered":"\n<figure class=\"wp-block-image size-large\"><img loading=\"lazy\" width=\"690\" height=\"460\" src=\"http:\/\/escaim.com\/wp-content\/uploads\/2019\/11\/VITO2-SEMAC2016-3.jpg\" alt=\"\" class=\"wp-image-301\" srcset=\"https:\/\/escaim.com\/wp-content\/uploads\/2019\/11\/VITO2-SEMAC2016-3.jpg 690w, https:\/\/escaim.com\/wp-content\/uploads\/2019\/11\/VITO2-SEMAC2016-3-300x200.jpg 300w\" sizes=\"(max-width: 690px) 100vw, 690px\" \/><\/figure>\n\n\n\n<p>Parce que nous serons \u00e0 bord du m\u00eame bateau et que l&rsquo;objectif partag\u00e9 sera de passer la ligne d&rsquo;arriv\u00e9e ensemble, Escaim Consulting ne saurait travailler autrement qu&rsquo;avec un esprit d&rsquo;\u00e9quipe marqu\u00e9.<\/p>\n\n\n\n<p>Nous sera le ma\u00eetre mot, je, il ou elle seront \u00e9cart\u00e9s.<\/p>\n","protected":false},"excerpt":{"rendered":"<p>Parce que nous serons \u00e0 bord du m\u00eame bateau et que l&rsquo;objectif partag\u00e9 sera de passer la ligne d&rsquo;arriv\u00e9e ensemble, Escaim Consulting ne saurait travailler autrement qu&rsquo;avec un esprit d&rsquo;\u00e9quipe marqu\u00e9. Nous sera le ma\u00eetre mot, je, il ou elle seront \u00e9cart\u00e9s.<\/p>\n","protected":false},"author":1,"featured_media":0,"parent":2,"menu_order":0,"comment_status":"closed","ping_status":"closed","template":"","meta":[],"_links":{"self":[{"href":"https:\/\/escaim.com\/index.php\/wp-json\/wp\/v2\/pages\/374"}],"collection":[{"href":"https:\/\/escaim.com\/index.php\/wp-json\/wp\/v2\/pages"}],"about":[{"href":"https:\/\/escaim.com\/index.php\/wp-json\/wp\/v2\/types\/page"}],"author":[{"embeddable":true,"href":"https:\/\/escaim.com\/index.php\/wp-json\/wp\/v2\/users\/1"}],"replies":[{"embeddable":true,"href":"https:\/\/escaim.com\/index.php\/wp-json\/wp\/v2\/comments?post=374"}],"version-history":[{"count":1,"href":"https:\/\/escaim.com\/index.php\/wp-json\/wp\/v2\/pages\/374\/revisions"}],"predecessor-version":[{"id":376,"href":"https:\/\/escaim.com\/index.php\/wp-json\/wp\/v2\/pages\/374\/revisions\/376"}],"up":[{"embeddable":true,"href":"https:\/\/escaim.com\/index.php\/wp-json\/wp\/v2\/pages\/2"}],"wp:attachment":[{"href":"https:\/\/escaim.com\/index.php\/wp-json\/wp\/v2\/media?parent=374"}],"curies":[{"name":"wp","href":"https:\/\/api.w.org\/{rel}","templated":true}]}}