{"id":370,"date":"2019-12-02T16:29:35","date_gmt":"2019-12-02T15:29:35","guid":{"rendered":"http:\/\/escaim.com\/?page_id=370"},"modified":"2019-12-06T10:17:25","modified_gmt":"2019-12-06T09:17:25","slug":"sur-mesure","status":"publish","type":"page","link":"https:\/\/escaim.com\/index.php\/valeurs-et-principes-daction\/sur-mesure\/","title":{"rendered":"Sur mesure"},"content":{"rendered":"\n<figure class=\"wp-block-image size-large\"><img loading=\"lazy\" width=\"1024\" height=\"682\" src=\"http:\/\/escaim.com\/wp-content\/uploads\/2019\/12\/measurement-1476918_1280-1024x682.jpg\" alt=\"\" class=\"wp-image-371\" srcset=\"https:\/\/escaim.com\/wp-content\/uploads\/2019\/12\/measurement-1476918_1280-1024x682.jpg 1024w, https:\/\/escaim.com\/wp-content\/uploads\/2019\/12\/measurement-1476918_1280-300x200.jpg 300w, https:\/\/escaim.com\/wp-content\/uploads\/2019\/12\/measurement-1476918_1280-768x512.jpg 768w, https:\/\/escaim.com\/wp-content\/uploads\/2019\/12\/measurement-1476918_1280.jpg 1280w\" sizes=\"(max-width: 1024px) 100vw, 1024px\" \/><\/figure>\n\n\n\n<p>Chaque contrat pass\u00e9 avec Escaim\nConsulting est unique et taill\u00e9 sur mesure<\/p>\n\n\n\n<ul><li>Dans ses modalit\u00e9s d\u2019intervention\u00a0: mission longue dur\u00e9e, intervention spot, suivi longitudinal dans la dur\u00e9e\u00a0;<\/li><\/ul>\n\n\n\n<ul><li>Dans ses modalit\u00e9s de\nfacturation&nbsp;: forfait ou r\u00e9gie;<\/li><\/ul>\n\n\n\n<ul><li>Dans la nature des\nlivrables ou r\u00e9sultats attendus.<\/li><\/ul>\n\n\n\n<p>Vous \u00eates le client, Escaim Consulting\nsaura vous \u00e9couter et validera en toute transparence sa capacit\u00e9 \u00e0 r\u00e9pondre \u00e0\nvos attentes.<\/p>\n","protected":false},"excerpt":{"rendered":"<p>Chaque contrat pass\u00e9 avec Escaim Consulting est unique et taill\u00e9 sur mesure Dans ses modalit\u00e9s d\u2019intervention\u00a0: mission longue dur\u00e9e, intervention spot, suivi longitudinal dans la dur\u00e9e\u00a0; Dans ses modalit\u00e9s de facturation&nbsp;: forfait ou r\u00e9gie; Dans la nature des livrables ou r\u00e9sultats attendus. Vous \u00eates le client, Escaim Consulting saura vous \u00e9couter et validera en toute [&hellip;]<\/p>\n","protected":false},"author":1,"featured_media":0,"parent":2,"menu_order":0,"comment_status":"closed","ping_status":"closed","template":"","meta":[],"_links":{"self":[{"href":"https:\/\/escaim.com\/index.php\/wp-json\/wp\/v2\/pages\/370"}],"collection":[{"href":"https:\/\/escaim.com\/index.php\/wp-json\/wp\/v2\/pages"}],"about":[{"href":"https:\/\/escaim.com\/index.php\/wp-json\/wp\/v2\/types\/page"}],"author":[{"embeddable":true,"href":"https:\/\/escaim.com\/index.php\/wp-json\/wp\/v2\/users\/1"}],"replies":[{"embeddable":true,"href":"https:\/\/escaim.com\/index.php\/wp-json\/wp\/v2\/comments?post=370"}],"version-history":[{"count":2,"href":"https:\/\/escaim.com\/index.php\/wp-json\/wp\/v2\/pages\/370\/revisions"}],"predecessor-version":[{"id":417,"href":"https:\/\/escaim.com\/index.php\/wp-json\/wp\/v2\/pages\/370\/revisions\/417"}],"up":[{"embeddable":true,"href":"https:\/\/escaim.com\/index.php\/wp-json\/wp\/v2\/pages\/2"}],"wp:attachment":[{"href":"https:\/\/escaim.com\/index.php\/wp-json\/wp\/v2\/media?parent=370"}],"curies":[{"name":"wp","href":"https:\/\/api.w.org\/{rel}","templated":true}]}}